
{"id":83886,"date":"2021-05-31T14:18:11","date_gmt":"2021-05-31T12:18:11","guid":{"rendered":"https:\/\/www.gdevco.com\/?page_id=83886"},"modified":"2021-06-04T13:08:45","modified_gmt":"2021-06-04T11:08:45","slug":"solutions","status":"publish","type":"page","link":"https:\/\/gdevco.fr\/?page_id=83886","title":{"rendered":"Solutions"},"content":{"rendered":"<div class=\"wpb-content-wrapper\"><p>[vc_row row_height_percent=\u00a0\u00bb50&Prime; override_padding=\u00a0\u00bbyes\u00a0\u00bb h_padding=\u00a0\u00bb2&Prime; top_padding=\u00a0\u00bb7&Prime; bottom_padding=\u00a0\u00bb7&Prime; back_color=\u00a0\u00bbcolor-nhtu\u00a0\u00bb back_image=\u00a0\u00bb83829&Prime; back_position=\u00a0\u00bbcenter bottom\u00a0\u00bb parallax=\u00a0\u00bbyes\u00a0\u00bb overlay_color=\u00a0\u00bbcolor-nhtu\u00a0\u00bb overlay_alpha=\u00a0\u00bb25&Prime; gutter_size=\u00a0\u00bb4&Prime; column_width_percent=\u00a0\u00bb100&Prime; shift_y=\u00a0\u00bb0&Prime; z_index=\u00a0\u00bb0&Prime; enable_bottom_divider=\u00a0\u00bbdefault\u00a0\u00bb bottom_divider=\u00a0\u00bbgradient\u00a0\u00bb shape_bottom_h_use_pixel=\u00a0\u00bbtrue\u00a0\u00bb shape_bottom_height_percent=\u00a0\u00bb50&Prime; shape_bottom_color=\u00a0\u00bbcolor-nhtu\u00a0\u00bb shape_bottom_opacity=\u00a0\u00bb50&Prime; shape_bottom_index=\u00a0\u00bb0&Prime;][vc_column column_width_percent=\u00a0\u00bb100&Prime; position_vertical=\u00a0\u00bbmiddle\u00a0\u00bb gutter_size=\u00a0\u00bb2&Prime; style=\u00a0\u00bbdark\u00a0\u00bb overlay_alpha=\u00a0\u00bb50&Prime; shift_x=\u00a0\u00bb0&Prime; shift_y=\u00a0\u00bb0&Prime; shift_y_down=\u00a0\u00bb0&Prime; z_index=\u00a0\u00bb0&Prime; medium_width=\u00a0\u00bb0&Prime; mobile_width=\u00a0\u00bb0&Prime; width=\u00a0\u00bb1\/1&Prime;][vc_row_inner row_inner_height_percent=\u00a0\u00bb0&Prime; overlay_alpha=\u00a0\u00bb50&Prime; gutter_size=\u00a0\u00bb4&Prime; shift_y=\u00a0\u00bb0&Prime; z_index=\u00a0\u00bb0&Prime; limit_content=\u00a0\u00bb\u00a0\u00bb][vc_column_inner column_width_percent=\u00a0\u00bb100&Prime; position_vertical=\u00a0\u00bbmiddle\u00a0\u00bb gutter_size=\u00a0\u00bb2&Prime; style=\u00a0\u00bbdark\u00a0\u00bb overlay_alpha=\u00a0\u00bb50&Prime; shift_x=\u00a0\u00bb0&Prime; shift_y=\u00a0\u00bb0&Prime; shift_y_down=\u00a0\u00bb0&Prime; z_index=\u00a0\u00bb0&Prime; medium_width=\u00a0\u00bb0&Prime; mobile_width=\u00a0\u00bb0&Prime; width=\u00a0\u00bb1\/1&Prime;][vc_custom_heading heading_semantic=\u00a0\u00bbh1&Prime; text_size=\u00a0\u00bbh1&Prime; text_weight=\u00a0\u00bb300&Prime;]Solutions[\/vc_custom_heading][vc_separator sep_color=\u00a0\u00bbaccent\u00a0\u00bb css_animation=\u00a0\u00bbleft-t-right\u00a0\u00bb animation_speed=\u00a0\u00bb400&Prime; animation_delay=\u00a0\u00bb200&Prime;][\/vc_column_inner][\/vc_row_inner][\/vc_column][\/vc_row][vc_row row_height_percent=\u00a0\u00bb50&Prime; override_padding=\u00a0\u00bbyes\u00a0\u00bb h_padding=\u00a0\u00bb2&Prime; top_padding=\u00a0\u00bb5&Prime; bottom_padding=\u00a0\u00bb2&Prime; overlay_alpha=\u00a0\u00bb50&Prime; gutter_size=\u00a0\u00bb4&Prime; column_width_percent=\u00a0\u00bb100&Prime; shift_y=\u00a0\u00bb0&Prime; z_index=\u00a0\u00bb0&Prime; el_class=\u00a0\u00bbinverted-device-order\u00a0\u00bb][vc_column column_width_use_pixel=\u00a0\u00bbyes\u00a0\u00bb position_vertical=\u00a0\u00bbmiddle\u00a0\u00bb gutter_size=\u00a0\u00bb3&Prime; overlay_alpha=\u00a0\u00bb50&Prime; shift_x=\u00a0\u00bb0&Prime; shift_y=\u00a0\u00bb0&Prime; shift_y_down=\u00a0\u00bb0&Prime; z_index=\u00a0\u00bb0&Prime; medium_width=\u00a0\u00bb0&Prime; mobile_width=\u00a0\u00bb0&Prime; width=\u00a0\u00bb1\/2&Prime; column_width_pixel=\u00a0\u00bb900&Prime;][vc_custom_heading heading_semantic=\u00a0\u00bbh6&Prime; text_size=\u00a0\u00bbh6&Prime; text_transform=\u00a0\u00bbuppercase\u00a0\u00bb text_color=\u00a0\u00bbaccent\u00a0\u00bb]1.[\/vc_custom_heading][vc_custom_heading heading_semantic=\u00a0\u00bbh3&Prime; text_size=\u00a0\u00bbh1&Prime;]P\u00f4le Commercial[\/vc_custom_heading][vc_tabs align=\u00a0\u00bbleft\u00a0\u00bb][vc_tab gutter_size=\u00a0\u00bb2&Prime; column_padding=\u00a0\u00bb2&Prime; title=\u00a0\u00bbClients Grossistes\u00a0\u00bb tab_id=\u00a0\u00bb1622464936-1-76&Prime;][vc_column_text text_lead=\u00a0\u00bbsmall\u00a0\u00bb]<\/p>\n<div><\/div>\n<div>&#8211; S\u00e9lection d\u2019une offre de qualit\u00e9 et compl\u00e9mentaire aupr\u00e8s de 15 Industriels en France, Italie, Espagne, Belgique et Allemagne dans les familles : Farines, p\u00e2tes, huiles, antipasti, charcuterie, produit de la mer et emballage.<\/div>\n<div><\/div>\n<p>&nbsp;<\/p>\n<div>&#8211; Passage de commande avec l\u2019utilisation d\u2019un CRM G-devco sur-mesure et sp\u00e9cifique \u00e0 notre activit\u00e9 pour une grande r\u00e9activit\u00e9 et un suivi rigoureux.<\/div>\n<div><\/div>\n<p>&nbsp;<\/p>\n<div>&#8211; Gestion de vos approvisionnements. Relance t\u00e9l\u00e9phone et email pour pr\u00e9venir des \u00e9ventuels perturbations (No\u00ebl, mois aout) et \u00e9ventuelles hausses des mati\u00e8res premi\u00e8res.<\/div>\n<div><\/div>\n<p>&nbsp;<\/p>\n<div>&#8211; Suivi des livraisons.<\/div>\n<div><\/div>\n<p>&nbsp;<\/p>\n<div>&#8211; Mise en relation avec de nouveaux clients.<\/div>\n<div><\/div>\n<p>&nbsp;<\/p>\n<div>&#8211; Gestion des assurances.<\/div>\n<p>[\/vc_column_text][\/vc_tab][vc_tab gutter_size=\u00a0\u00bb2&Prime; column_padding=\u00a0\u00bb2&Prime; title=\u00a0\u00bbFournisseurs Industriels\u00a0\u00bb tab_id=\u00a0\u00bb1622464936-2-28&Prime;][vc_column_text text_lead=\u00a0\u00bbsmall\u00a0\u00bb]<\/p>\n<div>&#8211; Mise \u00e0 disposition d\u2019un r\u00e9seau de + 250 clients grossistes comprenant groupements et ind\u00e9pendants.<\/div>\n<div><\/div>\n<p>&nbsp;<\/p>\n<div>&#8211; Suivi des livraisons.<\/div>\n<div><\/div>\n<p>&nbsp;<\/p>\n<div>&#8211; Envoi des commandes clients avec l\u2019utilisation d\u2019un CRM G-devco sur-mesure et\u2028sp\u00e9cifique \u00e0 notre activit\u00e9 pour une grande r\u00e9activit\u00e9 et un suivi rigoureux.<\/div>\n<div><\/div>\n<p>&nbsp;<\/p>\n<div>&#8211; Gestion des clients.<\/div>\n<div><\/div>\n<p>[\/vc_column_text][\/vc_tab][\/vc_tabs][\/vc_column][vc_column width=\u00a0\u00bb1\/2&Prime;][vc_single_image media=\u00a0\u00bb83919&Prime; media_width_percent=\u00a0\u00bb100&Prime; media_ratio=\u00a0\u00bbfour-five\u00a0\u00bb][\/vc_column][\/vc_row][vc_row row_height_percent=\u00a0\u00bb50&Prime; override_padding=\u00a0\u00bbyes\u00a0\u00bb h_padding=\u00a0\u00bb2&Prime; top_padding=\u00a0\u00bb3&Prime; bottom_padding=\u00a0\u00bb2&Prime; overlay_alpha=\u00a0\u00bb50&Prime; gutter_size=\u00a0\u00bb4&Prime; column_width_percent=\u00a0\u00bb100&Prime; shift_y=\u00a0\u00bb0&Prime; z_index=\u00a0\u00bb0&Prime;][vc_column width=\u00a0\u00bb1\/2&Prime;][vc_single_image media=\u00a0\u00bb83921&Prime; media_width_percent=\u00a0\u00bb100&Prime; media_ratio=\u00a0\u00bbfour-five\u00a0\u00bb][\/vc_column][vc_column column_width_use_pixel=\u00a0\u00bbyes\u00a0\u00bb position_vertical=\u00a0\u00bbmiddle\u00a0\u00bb gutter_size=\u00a0\u00bb3&Prime; overlay_alpha=\u00a0\u00bb50&Prime; shift_x=\u00a0\u00bb0&Prime; shift_y=\u00a0\u00bb0&Prime; shift_y_down=\u00a0\u00bb0&Prime; z_index=\u00a0\u00bb0&Prime; medium_width=\u00a0\u00bb0&Prime; mobile_width=\u00a0\u00bb0&Prime; width=\u00a0\u00bb1\/2&Prime; column_width_pixel=\u00a0\u00bb900&Prime;][vc_custom_heading heading_semantic=\u00a0\u00bbh6&Prime; text_size=\u00a0\u00bbh6&Prime; text_transform=\u00a0\u00bbuppercase\u00a0\u00bb text_color=\u00a0\u00bbaccent\u00a0\u00bb]2.[\/vc_custom_heading][vc_custom_heading heading_semantic=\u00a0\u00bbh3&Prime; text_size=\u00a0\u00bbh1&Prime;]P\u00f4le Logistique[\/vc_custom_heading][vc_tabs align=\u00a0\u00bbleft\u00a0\u00bb][vc_tab icon=\u00a0\u00bbfa fa-truck\u00a0\u00bb gutter_size=\u00a0\u00bb2&Prime; column_padding=\u00a0\u00bb2&Prime; title=\u00a0\u00bbTransport Routier\u00a0\u00bb tab_id=\u00a0\u00bb1622466524288-0-101622466575997&Prime;][vc_column_text text_lead=\u00a0\u00bbsmall\u00a0\u00bb]<\/p>\n<div><\/div>\n<div>&#8211; S\u00e9lection d\u2019une offre de qualit\u00e9 et compl\u00e9mentaire aupr\u00e8s de 15 Industriels en France, Italie, Espagne, Belgique et Allemagne dans les familles : Farines, p\u00e2tes, huiles, antipasti, charcuterie, produit de la mer et emballage.<\/div>\n<div><\/div>\n<p>&nbsp;<\/p>\n<div>&#8211; Passage de commande avec l\u2019utilisation d\u2019un CRM G-devco sur-mesure et sp\u00e9cifique \u00e0 notre activit\u00e9 pour une grande r\u00e9activit\u00e9 et un suivi rigoureux.<\/div>\n<div><\/div>\n<p>&nbsp;<\/p>\n<div>&#8211; Gestion de vos approvisionnements. Relance t\u00e9l\u00e9phone et email pour pr\u00e9venir des \u00e9ventuels perturbations (No\u00ebl, mois aout) et \u00e9ventuelles hausses des mati\u00e8res premi\u00e8res.<\/div>\n<div><\/div>\n<p>&nbsp;<\/p>\n<div>&#8211; Suivi des livraisons.<\/div>\n<div><\/div>\n<p>&nbsp;<\/p>\n<div>&#8211; Mise en relation avec de nouveaux clients.<\/div>\n<div><\/div>\n<p>&nbsp;<\/p>\n<div>&#8211; Gestion des assurances.<\/div>\n<p>[\/vc_column_text][\/vc_tab][vc_tab icon=\u00a0\u00bbfa fa-waves-outline\u00a0\u00bb gutter_size=\u00a0\u00bb2&Prime; column_padding=\u00a0\u00bb2&Prime; title=\u00a0\u00bbTransport Maritime\u00a0\u00bb tab_id=\u00a0\u00bb1622466524359-0-101622466575997&Prime;][vc_column_text text_lead=\u00a0\u00bbsmall\u00a0\u00bb]<\/p>\n<div>&#8211; Mise \u00e0 disposition d\u2019un r\u00e9seau de + 250 clients grossistes comprenant groupements et ind\u00e9pendants.<\/div>\n<div><\/div>\n<p>&nbsp;<\/p>\n<div>&#8211; Suivi des livraisons.<\/div>\n<div><\/div>\n<p>&nbsp;<\/p>\n<div>&#8211; Envoi des commandes clients avec l\u2019utilisation d\u2019un CRM G-devco sur-mesure et\u2028sp\u00e9cifique \u00e0 notre activit\u00e9 pour une grande r\u00e9activit\u00e9 et un suivi rigoureux.<\/div>\n<div><\/div>\n<p>&nbsp;<\/p>\n<div>&#8211; Gestion des clients.<\/div>\n<div><\/div>\n<p>[\/vc_column_text][\/vc_tab][\/vc_tabs][\/vc_column][\/vc_row][vc_row row_height_percent=\u00a0\u00bb50&Prime; override_padding=\u00a0\u00bbyes\u00a0\u00bb h_padding=\u00a0\u00bb2&Prime; top_padding=\u00a0\u00bb3&Prime; bottom_padding=\u00a0\u00bb2&Prime; overlay_alpha=\u00a0\u00bb50&Prime; gutter_size=\u00a0\u00bb4&Prime; column_width_percent=\u00a0\u00bb100&Prime; shift_y=\u00a0\u00bb0&Prime; z_index=\u00a0\u00bb0&Prime; el_class=\u00a0\u00bbinverted-device-order\u00a0\u00bb][vc_column column_width_use_pixel=\u00a0\u00bbyes\u00a0\u00bb position_vertical=\u00a0\u00bbmiddle\u00a0\u00bb gutter_size=\u00a0\u00bb3&Prime; overlay_alpha=\u00a0\u00bb50&Prime; shift_x=\u00a0\u00bb0&Prime; shift_y=\u00a0\u00bb0&Prime; shift_y_down=\u00a0\u00bb0&Prime; z_index=\u00a0\u00bb0&Prime; medium_width=\u00a0\u00bb0&Prime; mobile_width=\u00a0\u00bb0&Prime; width=\u00a0\u00bb1\/2&Prime; column_width_pixel=\u00a0\u00bb900&Prime;][vc_custom_heading heading_semantic=\u00a0\u00bbh6&Prime; text_size=\u00a0\u00bbh6&Prime; text_transform=\u00a0\u00bbuppercase\u00a0\u00bb text_color=\u00a0\u00bbaccent\u00a0\u00bb]3.[\/vc_custom_heading][vc_custom_heading heading_semantic=\u00a0\u00bbh3&Prime; text_size=\u00a0\u00bbh1&Prime; subheading=\u00a0\u00bbCr\u00e9ation graphique \/ Publicit\u00e9 \/ D\u00e9veloppement web &amp; mobile<br \/>\nGr\u00e2ce \u00e0 son r\u00e9seau d\u2019expert G-devco accompagne ses clients dans leur transformation digitale.\u00a0\u00bb]P\u00f4le Marketing[\/vc_custom_heading][vc_tabs align=\u00a0\u00bbleft\u00a0\u00bb][vc_tab gutter_size=\u00a0\u00bb2&Prime; column_padding=\u00a0\u00bb2&Prime; title=\u00a0\u00bbClients Grossistes\u00a0\u00bb tab_id=\u00a0\u00bb1622464936-1-76&Prime;][vc_column_text text_lead=\u00a0\u00bbsmall\u00a0\u00bb]- Cr\u00e9ation de site internet \/ application mobile vitrine et e-commerce, r\u00e9f\u00e9rencement et publicit\u00e9 Google<\/p>\n<p>&#8211; Publicit\u00e9 et prospection SMS \/ E-mail \u2013 acc\u00e8s \u00e0 une base de + 100 000 num\u00e9ros portables et 350 000 emails de professionnels de la restauration en France.<\/p>\n<p>&#8211; D\u00e9veloppement de logiciel de gestion type CRM[\/vc_column_text][\/vc_tab][vc_tab gutter_size=\u00a0\u00bb2&Prime; column_padding=\u00a0\u00bb2&Prime; title=\u00a0\u00bbFournisseurs Industriels\u00a0\u00bb tab_id=\u00a0\u00bb1622464936-2-28&Prime;][vc_column_text text_lead=\u00a0\u00bbsmall\u00a0\u00bb]- Cr\u00e9ation de site internet \/ application mobile vitrine et e-commerce, r\u00e9f\u00e9rencement et publicit\u00e9 Google<\/p>\n<p>&#8211; Publicit\u00e9 SMS \/ E-mail \u2013 acc\u00e8s \u00e0 une base de + de 400 num\u00e9ros portables et 500 e-mail de grossistes alimentaire<\/p>\n<p>&#8211; D\u00e9veloppement de logiciel de gestion type CRM[\/vc_column_text][\/vc_tab][\/vc_tabs][\/vc_column][vc_column width=\u00a0\u00bb1\/2&Prime;][vc_single_image media=\u00a0\u00bb83928&Prime; media_width_percent=\u00a0\u00bb100&Prime; media_ratio=\u00a0\u00bbfour-five\u00a0\u00bb][\/vc_column][\/vc_row][vc_row row_height_percent=\u00a0\u00bb50&Prime; override_padding=\u00a0\u00bbyes\u00a0\u00bb h_padding=\u00a0\u00bb2&Prime; top_padding=\u00a0\u00bb3&Prime; bottom_padding=\u00a0\u00bb5&Prime; overlay_alpha=\u00a0\u00bb50&Prime; gutter_size=\u00a0\u00bb4&Prime; column_width_percent=\u00a0\u00bb100&Prime; shift_y=\u00a0\u00bb0&Prime; z_index=\u00a0\u00bb0&Prime;][vc_column width=\u00a0\u00bb1\/2&Prime;][vc_single_image media=\u00a0\u00bb83953&Prime; media_width_percent=\u00a0\u00bb100&Prime; media_ratio=\u00a0\u00bbfour-five\u00a0\u00bb][\/vc_column][vc_column column_width_use_pixel=\u00a0\u00bbyes\u00a0\u00bb position_vertical=\u00a0\u00bbmiddle\u00a0\u00bb gutter_size=\u00a0\u00bb3&Prime; overlay_alpha=\u00a0\u00bb50&Prime; shift_x=\u00a0\u00bb0&Prime; shift_y=\u00a0\u00bb0&Prime; shift_y_down=\u00a0\u00bb0&Prime; z_index=\u00a0\u00bb0&Prime; medium_width=\u00a0\u00bb0&Prime; mobile_width=\u00a0\u00bb0&Prime; width=\u00a0\u00bb1\/2&Prime; column_width_pixel=\u00a0\u00bb900&Prime;][vc_custom_heading heading_semantic=\u00a0\u00bbh6&Prime; text_size=\u00a0\u00bbh6&Prime; text_transform=\u00a0\u00bbuppercase\u00a0\u00bb text_color=\u00a0\u00bbaccent\u00a0\u00bb]4.[\/vc_custom_heading][vc_custom_heading heading_semantic=\u00a0\u00bbh3&Prime; text_size=\u00a0\u00bbh1&Prime; subheading=\u00a0\u00bbGr\u00e2ce \u00e0 sa connaissance du march\u00e9 Fran\u00e7ais et Europ\u00e9en,\u2028 Gdevco vous accompagne dans la mise en conformit\u00e9 de vos \u00e9tiquettes, packaging, l\u2019\u00e9laboration de vos fiches techniques et vous mets en relation avec les acteurs concern\u00e9s pour vos certifications.\u00a0\u00bb]P\u00f4le R\u00e9glementaire[\/vc_custom_heading][\/vc_column][\/vc_row]<\/p>\n<\/div>","protected":false},"excerpt":{"rendered":"<p>[vc_row row_height_percent=\u00a0\u00bb50&Prime; override_padding=\u00a0\u00bbyes\u00a0\u00bb h_padding=\u00a0\u00bb2&Prime; top_padding=\u00a0\u00bb7&Prime; bottom_padding=\u00a0\u00bb7&Prime; back_color=\u00a0\u00bbcolor-nhtu\u00a0\u00bb back_image=\u00a0\u00bb83829&Prime; back_position=\u00a0\u00bbcenter bottom\u00a0\u00bb parallax=\u00a0\u00bbyes\u00a0\u00bb overlay_color=\u00a0\u00bbcolor-nhtu\u00a0\u00bb overlay_alpha=\u00a0\u00bb25&Prime; gutter_size=\u00a0\u00bb4&Prime; column_width_percent=\u00a0\u00bb100&Prime; shift_y=\u00a0\u00bb0&Prime; z_index=\u00a0\u00bb0&Prime; enable_bottom_divider=\u00a0\u00bbdefault\u00a0\u00bb bottom_divider=\u00a0\u00bbgradient\u00a0\u00bb shape_bottom_h_use_pixel=\u00a0\u00bbtrue\u00a0\u00bb [&hellip;]<\/p>\n","protected":false},"author":1,"featured_media":0,"parent":0,"menu_order":0,"comment_status":"closed","ping_status":"closed","template":"","meta":{"inline_featured_image":false,"footnotes":""},"class_list":["post-83886","page","type-page","status-publish","hentry"],"jetpack-related-posts":[{"id":84541,"url":"https:\/\/gdevco.fr\/","url_meta":{"origin":83886,"position":0},"title":"Accueil","author":"Gdevco","date":"10 d\u00e9cembre 2025","format":false,"excerpt":"[vc_row unlock_row_content=\"yes\" row_height_percent=\"0\" override_padding=\"yes\" h_padding=\"0\" top_padding=\"0\" bottom_padding=\"0\" overlay_alpha=\"50\" gutter_size=\"3\" column_width_percent=\"100\" shift_y=\"0\" z_index=\"0\" content_parallax=\"0\" uncode_shortcode_id=\"123856\" row_height_pixel=\"600px\"][vc_column column_width_percent=\"70\" position_vertical=\"middle\" align_horizontal=\"align_center\" gutter_size=\"3\" overlay_alpha=\"50\" shift_x=\"0\" shift_y=\"0\" shift_y_down=\"0\" z_index=\"0\" medium_width=\"0\" mobile_width=\"0\" width=\"1\/1\" uncode_shortcode_id=\"110977\"][vc_empty_space empty_h=\"2\"][vc_column_text text_lead=\"yes\" text_color=\"color-172617\" css_animation=\"parallax\" parallax_intensity=\"1\" border_color=\"color-xsdn\" uncode_shortcode_id=\"102932\" text_color_type=\"uncode-palette\" border_color_type=\"uncode-palette\"] PARTENAIRE DES INDUSTRIELS AGRO-ALIMENTAIRES DEPUIS 40 ANS. [\/vc_column_text][vc_column_text text_lead=\"small\" text_color=\"color-172617\" uncode_shortcode_id=\"191902\" text_color_type=\"uncode-palette\"] Depuis\u2026","rel":"","context":"Article similaire","block_context":{"text":"Article similaire","link":""},"img":{"alt_text":"","src":"","width":0,"height":0},"classes":[]},{"id":83971,"url":"https:\/\/gdevco.fr\/?page_id=83971","url_meta":{"origin":83886,"position":1},"title":"Contact","author":"Gdevco","date":"1 juin 2021","format":false,"excerpt":"[vc_row row_height_percent=\"50\" override_padding=\"yes\" h_padding=\"2\" top_padding=\"7\" bottom_padding=\"7\" back_color=\"color-nhtu\" back_image=\"83829\" back_position=\"center bottom\" parallax=\"yes\" overlay_color=\"color-nhtu\" overlay_alpha=\"25\" gutter_size=\"4\" column_width_percent=\"100\" shift_y=\"0\" z_index=\"0\" enable_bottom_divider=\"default\" bottom_divider=\"gradient\" shape_bottom_h_use_pixel=\"true\" shape_bottom_height_percent=\"50\" shape_bottom_color=\"color-nhtu\" shape_bottom_opacity=\"50\" shape_bottom_index=\"0\"][vc_column column_width_percent=\"100\" position_vertical=\"middle\" gutter_size=\"2\" style=\"dark\" overlay_alpha=\"50\" shift_x=\"0\" shift_y=\"0\" shift_y_down=\"0\" z_index=\"0\" medium_width=\"0\" mobile_width=\"0\" width=\"1\/1\"][vc_row_inner row_inner_height_percent=\"0\" overlay_alpha=\"50\" gutter_size=\"4\" shift_y=\"0\" z_index=\"0\" limit_content=\"\"][vc_column_inner column_width_percent=\"100\" position_vertical=\"middle\" gutter_size=\"2\" style=\"dark\" overlay_alpha=\"50\" shift_x=\"0\" shift_y=\"0\" shift_y_down=\"0\"\u2026","rel":"","context":"Article similaire","block_context":{"text":"Article similaire","link":""},"img":{"alt_text":"","src":"","width":0,"height":0},"classes":[]},{"id":84219,"url":"https:\/\/gdevco.fr\/?page_id=84219","url_meta":{"origin":83886,"position":2},"title":"Catalogues Fournisseurs","author":"Gdevco","date":"7 juin 2021","format":false,"excerpt":"[vc_row row_height_percent=\"50\" override_padding=\"yes\" h_padding=\"2\" top_padding=\"7\" bottom_padding=\"7\" back_color=\"color-nhtu\" back_image=\"83829\" back_position=\"center bottom\" parallax=\"yes\" overlay_color=\"color-nhtu\" overlay_alpha=\"25\" gutter_size=\"4\" column_width_percent=\"100\" shift_y=\"0\" z_index=\"0\" enable_bottom_divider=\"default\" bottom_divider=\"gradient\" shape_bottom_h_use_pixel=\"true\" shape_bottom_height_percent=\"50\" shape_bottom_color=\"color-nhtu\" shape_bottom_opacity=\"50\" shape_bottom_index=\"0\"][vc_column column_width_percent=\"100\" position_vertical=\"middle\" gutter_size=\"2\" style=\"dark\" overlay_alpha=\"50\" shift_x=\"0\" shift_y=\"0\" shift_y_down=\"0\" z_index=\"0\" medium_width=\"0\" mobile_width=\"0\" width=\"1\/1\"][vc_row_inner row_inner_height_percent=\"0\" overlay_alpha=\"50\" gutter_size=\"4\" shift_y=\"0\" z_index=\"0\" limit_content=\"\"][vc_column_inner column_width_percent=\"100\" position_vertical=\"middle\" gutter_size=\"2\" style=\"dark\" overlay_alpha=\"50\" shift_x=\"0\" shift_y=\"0\" shift_y_down=\"0\"\u2026","rel":"","context":"Article similaire","block_context":{"text":"Article similaire","link":""},"img":{"alt_text":"","src":"","width":0,"height":0},"classes":[]}],"jetpack_sharing_enabled":true,"_links":{"self":[{"href":"https:\/\/gdevco.fr\/index.php?rest_route=\/wp\/v2\/pages\/83886","targetHints":{"allow":["GET"]}}],"collection":[{"href":"https:\/\/gdevco.fr\/index.php?rest_route=\/wp\/v2\/pages"}],"about":[{"href":"https:\/\/gdevco.fr\/index.php?rest_route=\/wp\/v2\/types\/page"}],"author":[{"embeddable":true,"href":"https:\/\/gdevco.fr\/index.php?rest_route=\/wp\/v2\/users\/1"}],"replies":[{"embeddable":true,"href":"https:\/\/gdevco.fr\/index.php?rest_route=%2Fwp%2Fv2%2Fcomments&post=83886"}],"version-history":[{"count":0,"href":"https:\/\/gdevco.fr\/index.php?rest_route=\/wp\/v2\/pages\/83886\/revisions"}],"wp:attachment":[{"href":"https:\/\/gdevco.fr\/index.php?rest_route=%2Fwp%2Fv2%2Fmedia&parent=83886"}],"curies":[{"name":"wp","href":"https:\/\/api.w.org\/{rel}","templated":true}]}}